 What is j(3)?
3
Let c(j) = -2*j**2 - 47*j + 117. Calculate c(-26).
-13
Let t(j) = 319*j - 5891. Give t(18).
-149
Let t(b) = 2*b**2 - 33*b + 114. Give t(8).
-22
Let k(q) = 2*q + 174. Give k(-6).
162
Let h(n) = 6*n**2 + 28*n + 98. Calculate h(-4).
82
Let z(x) = x**3 + 5*x**2 + 65*x - 157. Calculate z(2).
1
Let w(m) = -1024*m - 6085. What is w(-6)?
59
Let u(v) = v**2 + 21*v - 47. What is u(7)?
149
Let r(s) = -s**2 - 117*s - 1623. Give r(-101).
-7
Let f(b) = b**2 + 1701*b + 31966. Give f(-19).
8
Let r(c) = 23*c + 14. Determine r(-7).
-147
Let f(k) = -5*k**2 + 33*k - 22. Give f(6).
-4
Let g(d) = d**2 + 179*d + 4134. What is g(-27)?
30
Let u(k) = -k**3 + 74*k**2 - 282*k + 15245. Determine u(73).
-12
Let d(b) = -b**2 - 59*b - 694. Determine d(-36).
134
Let n(i) = 2*i - 72. Give n(23).
-26
Let j(h) = 7*h - 761. Give j(72).
-257
Let y(o) = -o**3 + 14*o**2 - 8*o - 63. What is y(13)?
2
Let c(m) = -731*m + 4405. Determine c(6).
19
Let t(x) = -92*x - 601. Determine t(-6).
-49
Let b(y) = 28*y - 97. Calculate b(5).
43
Let s(n) = -n**3 - 5*n**2 - 13*n - 160. Calculate s(0).
-160
Let t(o) = 39*o - 1994. Calculate t(50).
-44
Let d(u) = 70*u**2 - 342*u - 25. Determine d(5).
15
Let j(m) = -5*m**3 - 2*m**2 + 2*m + 1. What is j(-2)?
29
Let g(v) = 2*v**2 + 65*v - 169. Determine g(-35).
6
Let n(o) = 7*o - 195. Calculate n(29).
8
Let w(a) = -a**3 - 196*a**2 + 2943*a - 46. What is w(14)?
-4
Let y(z) = 2*z**3 + 6*z**2 + 2*z - 26. Determine y(7).
968
Let d(x) = -x**3 - 62*x**2 - 385*x - 12. Give d(-55).
-12
Let o(j) = j**2 + 111*j + 1893. Determine o(-21).
3
Let t(j) = j**2 - 56*j - 20. Calculate t(6).
-320
Let r(d) = -4614*d + 9211. Calculate r(2).
-17
Let o(y) = y**3 - 47*y**2 + 97*y - 390. Give o(45).
-75
Let c(b) = -1592*b - 12711. Determine c(-8).
25
Let d(g) = 11*g**2 - 1. Determine d(5).
274
Let z(i) = -40*i + 1037. What is z(22)?
157
Let j(a) = -2*a**2 - 438*a - 2975. Determine j(-212).
-7
Let l(x) = x**3 + 48*x**2 + 10*x + 473. Determine l(-48).
-7
Let r(g) = 2*g**2 - 28*g + 65. Give r(8).
-31
Let m(u) = -13*u**2 + 6*u. Give m(3).
-99
Let q(c) = 217*c + 1932. Determine q(-9).
-21
Let u(l) = -l**3 + 164*l**2 - 950*l + 319. What is u(158)?
3
Let j(q) = q**2 + 267*q + 13275. Calculate j(-66).
9
Let j(b) = -2*b**3 + 20*b**2 + 27*b + 5. Calculate j(11).
60
Let s(p) = p**2 - 28*p + 168. Give s(10).
-12
Let p(w) = 53*w - 1026. What is p(21)?
87
Let v(b) = 79*b - 5301. What is v(67)?
-8
Let f(y) = -9*y**2 + 34*y + 12. Determine f(4).
4
Let k(m) = 4*m**3 - 101*m**2 - 89*m + 268. Give k(26).
-18
Let q(c) = 451*c + 5363. Give q(-12).
-49
Let u(w) = 20*w + 52. What is u(-5)?
-48
Let i(z) = 61*z**2 - 22*z + 20. Give i(1).
59
Let a(g) = g**3 + g**2 - 52*g + 3. Give a(6).
-57
Let z(t) = 6*t**3 + 22*t**2 - 50*t. Calculate z(2).
36
Let o(z) = 5*z**2 - z - 5. Give o(4).
71
Let w(h) = -2*h**2 - 257*h - 6. Give w(0).
-6
Let p(x) = 1605*x - 4830. Determine p(3).
-15
Let l(q) = q**2 + 77*q + 427. Determine l(-6).
1
Let b(s) = -4*s**2 - 6*s + 37. What is b(-6)?
-71
Let p(x) = -x**2 + 78*x - 1406. Determine p(28).
-6
Let g(v) = 31*v**2 + 1258*v - 540. Give g(-41).
-7
Let g(u) = -39*u**2 - 268*u + 40. What is g(-7)?
5
Let r(i) = 7749*i - 108481. Determine r(14).
5
Let t(g) = 68*g + 1024. Calculate t(-15).
4
Let x(k) = -5699*k - 22792. Calculate x(-4).
4
Let u(h) = -99*h - 571. Determine u(-4).
-175
Let a(p) = p**2 + 9*p - 79. What is a(-17)?
57
Let z(o) = -13*o**3 + 25*o - 23. Calculate z(1).
-11
Let c(z) = 12*z**2 - 83*z + 479. Calculate c(6).
413
Let s(i) = 9*i**3 - 45*i**2 - 18*i + 84. Determine s(5).
-6
Let y(w) = w**3 + 7*w**2 - 7*w - 72. Give y(-6).
6
Let j(c) = -16*c - 380. Calculate j(-26).
36
Let n(q) = -134*q - 390. Determine n(-3).
12
Let c(f) = -329*f - 615. What is c(-2)?
43
Let k(n) = -6*n**3 - 8*n**2 - n + 16. Determine k(-2).
34
Let s(d) = d**3 - 31*d**2 - 22*d + 40. Give s(32).
360
Let i(w) = -w**3 + 49*w**2 + 101*w + 81. Calculate i(51).
30
Let g(m) = -m**2 - 44*m + 3868. Calculate g(-88).
-4
Let z(q) = -2*q**3 + 57*q**2 + 158*q - 71. What is z(31)?
22
Let t(q) = -287*q**2 - 3159*q - 27. Determine t(-11).
-5
Let a(v) = v**3 - 16*v - 19. Give a(0).
-19
Let v(w) = -84*w - 457. What is v(-5)?
-37
Let q(o) = o**3 + 9*o**2 - 30*o - 83. Calculate q(-13).
-369
Let k(f) = 9*f**2 - 333*f + 321. What is k(36)?
-3
Let z(i) = 5*i**3 + 114*i**2 + 223*i + 5. Calculate z(-2).
-25
Let j(t) = 2*t**3 - 57*t**2 - 22*t - 199. Calculate j(29).
4
Let m(w) = w**3 - 87*w**2 - 4*w + 301. What is m(87)?
-47
Let d(n) = n**2 + 1737*n - 8704. Calculate d(5).
6
Let v(b) = -b**2 + 95*b - 322. What is v(98)?
-616
Let h(a) = -a**2 - 32*a - 130. Calculate h(-30).
-70
Let q(v) = 9*v**2 + 34*v + 1. Give q(4).
281
Let l(z) = -2*z**2 + 86*z + 461. Give l(-5).
-19
Let t(x) = x**3 + 6*x**2 - 7*x + 12. What is t(-7)?
12
Let b(m) = 3*m**3 - m**2 - 5*m + 21. Calculate b(2).
31
Let d(o) = -o**3 - 135*o**2 - 597*o - 9555. Calculate d(-131).
8
Let n(g) = -g**2 + 758*g - 37. Calculate n(0).
-37
Let u(a) = -6*a**2 + 105*a - 23. Calculate u(18).
-77
Let z(b) = -17*b**3 - 2616*b**2 + 310*b + 298. Give z(-154).
-10
Let i(x) = 87*x - 2424. What is i(28)?
12
Let c(s) = -11*s + 219. Calculate c(24).
-45
Let x(h) = h**3 - 81*h**2 + 526*h - 54. What is x(74)?
538
Let o(h) = -53*h + 773. What is o(15)?
-22
Let y(k) = -19*k - 572. Give y(-12).
-344
Let z(w) = -w**3 + 94*w**2 + 817*w - 43. Determine z(-8).
-51
Let z(g) = -3*g**2 + 14*g + 247. What is z(-9)?
-122
Let b(k) = -9*k**3 - 41*k**2 + 102*k - 33. What is b(2)?
-65
Let x(n) = -1542*n + 1529. What is x(1)?
-13
Let q(j) = -21*j**2 - 4*j + 1. Determine q(0).
1
Let l(y) = -y**2 + 9*y + 548. Give l(-19).
16
Let g(v) = v**3 + 50*v**2 - 137*v - 1697. What is g(-52)?
19
Let k(a) = -a**2 + 340*a - 6805. Give k(21).
-106
Let b(k) = 62*k - 8438. Give b(136).
-6
Let y(o) = -84*o + 21. Determine y(-4).
357
Let y(v) = -v**2 - 82*v + 13. What is y(-83)?
-70
Let l(g) = 582*g - 3041. Calculate l(5).
-131
Let q(a) = -10*a - 613. Determine q(-64).
27
Let k(t) = 2*t**3 + 63*t**2 + 27*t - 91. Give k(-31).
33
Let i(q) = -5148*q + 5159. What is i(1)?
11
Let j(w) = w**3 + 2*w**2 - 7*w + 14. Determine j(3).
38
Let h(z) = -33*z**2 + 892*z - 74. Determine h(27).
-47
Let j(y) = 5*y**2 - 81*y + 254. What is j(5)?
-26
Let y(l) = -24*l - 313. Determine y(-13).
-1
Let s(a) = -a**2 + 89*a - 1103. What is s(74)?
7
Let s(l) = -41*l + 1077. Calculate s(26).
11
Let j(u) = -u**2 + 3*u - 139. Calculate j(-16).
-443
Let q(v) = 907*v + 5443. What is q(-6)?
1
Let y(p) = -39*p - 3232. Determine y(-83).
5
Let z(a) = 2*a**3 - 15*a**2 + 29*a - 94. What is z(6)?
-28
Let d(g) = -180*g + 30758. Calculate d(171).
-22
Let u(j) = -3*j**2 + 9*j - 38. Calculate u(8).
-158
Let z(c) = 87*c**2 + 407*c - 696. What is z(-6)?
-6
Let f(p) = 3773*p - 33957. Determine f(9).
0
Let o(i) = -3*i**3 + 100*i**2 + 181*i - 56. Calculate o(35).
154
Let y(r) = 30*r + 106. What is y(-2)?
46
Let n(c) = -c**3 + 4*c**2 + 5*c - 15. Determine n(5).
-15
Let q(w) = -12*w**2 - 51*w - 98. What is q(-2)?
-44
Let r(j) = j**3 - 6*j**2 + 16*j - 78. Determine r(5).
-23
Let g(d) = -d**2 + 1247*d - 12377. Calculate g(10).
-7
Let a(m) = 6*m - 43. What is a(8)?
5
Let t(r) = 6986*r**2 + 20963*r + 9. What is t(-3)?
-6
Let d(h) = h**3 - 3*h**2 + 836*h - 4226. Determine d(5).
4
Let l(z) = -29*z**2 + 91*z + 182. What is l(-2)?
-116
Let r(i) = 24*i + 1160. Determine r(-48).
8
Let w(a) = -a**2 - 55*a - 292. Calculate w(-6).
2
Let h(b) = -202*b + 8105. Calculate h(40).
25
Let s(d) = 27*d**3 + 592*d**2 - 46*d - 54. Calculate s(-22).
-10
Let r(y) = y**3 - 8*y**2 - 7*y - 41. Calculate r(9).
-23
Let p(y) = y**3 + 5*y**2 - 19*y + 13. Give p(-9).
-140
Let q(o) = -o**2 + 453*o + 87. What is q(0)?
87
Let v(z) = -68*z - 117. Give v(2).
-253
Let t(u) = u**2 + 10*u - 820. What is t(24)?
-4
Let t(a) = -2*a**2 + 16*a + 48. Calculate t(7).
62
Let t(y) = y**3 + 39*y**2 + 171*y + 41. What is t(-34)?
7
Let m(k) = -2*k**3 - 140*k**2 - 270*k + 89. What is m(-68)?
-47
Let a(w) = -714*w - 58548. Determine a(-82).
0
Let c(m) = m**3 - 11*m**2 + 11*m - 4. Give c(7).
-123
Let s(g) = g**2 + 47*g - 661. Calculate s(-58).
-23
Let d(g) = -g**3 - 2*g**2 + 20*g - 35. Calculate d(3).
-20
Let i(a) = -1969*a + 70919. Calculate i(36).
35
Let p(l) = -l**3 + 14*l**2 - 42*l - 13. Calculate p(9).
14
